{"id":275,"date":"2025-04-22T16:52:35","date_gmt":"2025-04-22T16:52:35","guid":{"rendered":"https:\/\/iesiberico.edu.pe\/?page_id=275"},"modified":"2026-03-10T15:45:38","modified_gmt":"2026-03-10T15:45:38","slug":"programaestudios","status":"publish","type":"page","link":"https:\/\/iesiberico.edu.pe\/index.php\/programaestudios\/","title":{"rendered":"Programas de estudios"},"content":{"rendered":"\t\t<div data-elementor-type=\"wp-page\" data-elementor-id=\"275\" class=\"elementor elementor-275\">\n\t\t\t\t<div class=\"elementor-element elementor-element-a68501b e-flex e-con-boxed e-con e-parent\" data-id=\"a68501b\" data-element_type=\"container\">\n\t\t\t\t\t<div class=\"e-con-inner\">\n\t\t<div class=\"elementor-element elementor-element-0567331 e-con-full e-flex e-con e-child\" data-id=\"0567331\" data-element_type=\"container\">\n\t\t<div class=\"elementor-element elementor-element-3147cae e-grid e-con-full e-con e-child\" data-id=\"3147cae\" data-element_type=\"container\">\n\t\t\t\t<div class=\"elementor-element elementor-element-a3dfd6e elementor-widget elementor-widget-image\" data-id=\"a3dfd6e\" data-element_type=\"widget\" data-widget_type=\"image.default\">\n\t\t\t\t<div class=\"elementor-widget-container\">\n\t\t\t\t\t\t\t\t\t\t\t\t\t\t\t<img fetchpriority=\"high\" decoding=\"async\" width=\"720\" height=\"960\" src=\"https:\/\/iesiberico.edu.pe\/wp-content\/uploads\/2025\/10\/enfermeria011-1-768x1024.jpg\" class=\"attachment-large size-large wp-image-801\" alt=\"\" srcset=\"https:\/\/iesiberico.edu.pe\/wp-content\/uploads\/2025\/10\/enfermeria011-1-768x1024.jpg 768w, https:\/\/iesiberico.edu.pe\/wp-content\/uploads\/2025\/10\/enfermeria011-1-225x300.jpg 225w, https:\/\/iesiberico.edu.pe\/wp-content\/uploads\/2025\/10\/enfermeria011-1.jpg 960w\" sizes=\"(max-width: 720px) 100vw, 720px\" \/>\t\t\t\t\t\t\t\t\t\t\t\t\t\t\t<\/div>\n\t\t\t\t<\/div>\n\t\t\t\t<div class=\"elementor-element elementor-element-0fa4bd6 elementor-widget elementor-widget-text-editor\" data-id=\"0fa4bd6\" data-element_type=\"widget\" data-widget_type=\"text-editor.default\">\n\t\t\t\t<div class=\"elementor-widget-container\">\n\t\t\t\t\t\t\t\t\t<p><strong>COMPETENCIAS ESPEC\u00cdFICAS\u00a0<\/strong><\/p><p><strong>Unidad de competencia N.\u00b01<\/strong><\/p><p>Realizar actividades de promoci\u00f3n de la salud con enfoque intercultural, de acuerdo con la situaci\u00f3n local de salud, pol\u00edtica sectorial, nacional, regional y la normativa vigente.<\/p><p><strong>Unidad de competencia N.\u00ba 2<\/strong><\/p><p>Realizar actividades de prevenci\u00f3n en salud individual y colectiva aplicando el enfoque intercultural, de acuerdo con gu\u00edas, procedimientos establecidos y normativa vigente.<\/p><p><strong>Unidad de competencia N.\u00ba 3<\/strong><\/p><p>Asistir en la atenci\u00f3n de las necesidades b\u00e1sicas de la salud de la persona por etapas de vida, aplicando el enfoque intercultural y seg\u00fan indicaciones del jefe inmediato, el nivel de atenci\u00f3n y la normativa vigente.<\/p><p><strong>Unidad de competencia N.\u00ba 4<\/strong><\/p><p>Asistir en los cuidados integrales de salud a la persona en las diferentes etapas de vida aplicando el enfoque intercultural y de derechos, de g\u00e9nero y familiar en concordancia con la vigente.<\/p><p><strong>COMPETENCIAS PARA LA EMPLEABILIDAD<\/strong><\/p><p><strong>Competencia para la empleabilidad N\u00b0 01:<\/strong><\/p><p><strong>Ofim\u00e1tica:<\/strong> Utilizar herramientas inform\u00e1ticas e internet para buscar y transmitir informaci\u00f3n, de acuerdo con los requerimientos y pol\u00edticas de la empresa.<\/p><p><strong>Competencia para la empleabilidad N\u00b0 02:<\/strong><\/p><p><strong>Comunicaci\u00f3n Efectiva:<\/strong> Comunicar y redactar eficazmente ideas, conocimientos y sentimientos a trav\u00e9s de la palabra oral o escrita, mediante una expresi\u00f3n clara, asertiva y coherente.<\/p><p><strong>Competencia para la empleabilidad N\u00b0 03:<\/strong><\/p><p><strong>M\u00e9todos y t\u00e9cnicas de estudio:<\/strong> Aplicar con sentido cr\u00edtico y reflexivo los m\u00e9todos y t\u00e9cnicas de estudio para el desarrollo de macro-habilidades complejas de razonamiento y aprendizaje de los estudiantes.<\/p><p><strong>Competencia para la empleabilidad N\u00b0 04:<\/strong><\/p><p><strong>Liderazgo y trabajo en equipo:<\/strong> Fortalecer habilidades interpersonales e intrapersonales que permitan afrontar con mayor efectividad la vida personal, acad\u00e9mica y profesional.<\/p><p><strong>Competencia para la empleabilidad N\u00b0 05: <\/strong><\/p><p><strong>Ingl\u00e9s:<\/strong> Interpretar las ideas principales de textos claros y en idioma ingl\u00e9s referidos a asuntos cotidianos que tienen lugar en el trabajo, en la escuela, durante el tiempo de ocio, teniendo en consideraci\u00f3n las normas gramaticales del idioma.<\/p><p>Interactuar en diversas situaciones y conversaciones que traten temas cotidianos de inter\u00e9s personal y profesional.<\/p><p>Producir textos sencillos y coherentes sobre temas que le son familiares o en los que tiene un inter\u00e9s personal. Describir experiencias, acontecimientos, deseos y<\/p><p>aspiraciones, y justificar brevemente sus opiniones o explicar sus planes con claridad y coherencia.<\/p><p><strong>Competencia para la empleabilidad N\u00b0 06: <\/strong><\/p><p>Competencia para la empleabilidad N\u00b0 06:<br \/><strong>Desarrollo personal<\/strong><br \/>Demostrar un desarrollo integral, con bases s\u00f3lidas, significativas y trascendentes en su desempe\u00f1o acad\u00e9mico interdisciplinar, cient\u00edfico, human\u00edstico, axiol\u00f3gico, est\u00e9tico, deportivo y cultural en relaci\u00f3n con sus pares y su entorno evidenciando una elevada conciencia \u00e9tico-moral, ciudadana y medio ambiental.<\/p><p><strong>Competencia para la empleabilidad N\u00b0 07:<\/strong><\/p><p><strong>Desarrollo del Proyecto Innovador:<\/strong> Desarrollar procedimientos sistem\u00e1ticos enfocados en la mejora significativa de un proceso o servicio respondiendo a un problema, una necesidad o una oportunidad del sector productivo y educativo, el IES y la sociedad.<\/p><p><strong>PERFIL DE EGRESO<\/strong><br \/>Al terminar el programa de estudio de Enfermer\u00eda T\u00e9cnica, nuestro egresado ser\u00e1 capaz de:<\/p><ul><li>Desenvolverse adecuadamente en equipos multidisciplinarios, demostrando liderazgo, responsabilidad profesional, \u00e9tica, que lo compromete en el desarrollo sostenible en la sociedad.<\/li><li>Planificar, organizar y desarrollar actividades de promoci\u00f3n, educaci\u00f3n y prevenci\u00f3n de la salud en beneficio de la persona, familia y comunidad.<\/li><li>Brindar cuidado asistencial b\u00e1sico, utilizando medidas de bioseguridad, cumpliendo con los procedimientos y las normas establecidas.<\/li><li>Cuidar la salud del individuo en forma personalizada, integral y continua, tomando en cuenta sus necesidades y cumpliendo con los procedimientos y las normas establecidas.<\/li><li>Brindar los cuidados integrales de enfermer\u00eda en prevenci\u00f3n, recuperaci\u00f3n y rehabilitaci\u00f3n de la persona, de acuerdo con las situaciones cl\u00ednicas, personales y socioculturales, y cumpliendo con los procedimientos y las normas establecidas.<\/li><\/ul><p><strong>\u00c1MBITOS DE DESEMPE\u00d1O<\/strong><\/p><p>Ejerce su campo laboral en:<\/p><ul><li>Postas m\u00e9dicas.<\/li><li>Hospitales, cl\u00ednicas y policl\u00ednicos.<\/li><li>T\u00f3picos de colegios<\/li><li>Empresas prestadoras de salud.<\/li><li>Atenci\u00f3n domiciliaria a pacientes.<\/li><li>Casas de reposo.<\/li><li>Albergue para ancianos.<\/li><li>Consejer\u00eda en salud ocupacional.<\/li><\/ul><p>Desempe\u00f1ando los cargos de:<\/p><ul><li>Enfermero asistencial del servicio de consulta externa.<\/li><li>Enfermero asistencial en los servicios de urgencia.<\/li><li>Supervisor\/a de enfermer\u00eda.<\/li><\/ul>\t\t\t\t\t\t\t\t<\/div>\n\t\t\t\t<\/div>\n\t\t\t\t<div class=\"elementor-element elementor-element-edfc39f elementor-widget elementor-widget-text-editor\" data-id=\"edfc39f\" data-element_type=\"widget\" data-widget_type=\"text-editor.default\">\n\t\t\t\t<div class=\"elementor-widget-container\">\n\t\t\t\t\t\t\t\t\t<p><strong>COMPETENCIA GENERAL<\/strong><\/p><p>Administrar un establecimiento farmac\u00e9utico a su nivel, dispensar, expender productos farmac\u00e9uticos y afines: resolver consultas sencillas del cliente o paciente; preparar medicamentos y afines bajo supervisi\u00f3n, teniendo en cuenta los criterios de calidad, seguridad, normas de salud y \u00e9tica<\/p><p><strong>Capacidades Profesionales<\/strong><\/p><p>Capacidades T\u00e9cnico transformadoras<br \/>Capacidades de Organizaci\u00f3n<br \/>Capacidades de Cooperaci\u00f3n y comunicaci\u00f3n<br \/>Capacidades de Contingencias<br \/>Responsabilidad y autonom\u00eda<\/p>\t\t\t\t\t\t\t\t<\/div>\n\t\t\t\t<\/div>\n\t\t\t\t<div class=\"elementor-element elementor-element-ce1163f elementor-widget elementor-widget-image\" data-id=\"ce1163f\" data-element_type=\"widget\" data-widget_type=\"image.default\">\n\t\t\t\t<div class=\"elementor-widget-container\">\n\t\t\t\t\t\t\t\t\t\t\t\t\t\t\t<img decoding=\"async\" width=\"212\" height=\"300\" src=\"https:\/\/iesiberico.edu.pe\/wp-content\/uploads\/2025\/04\/farmacia-banner-212x300.png\" class=\"attachment-medium size-medium wp-image-265\" alt=\"\" srcset=\"https:\/\/iesiberico.edu.pe\/wp-content\/uploads\/2025\/04\/farmacia-banner-212x300.png 212w, https:\/\/iesiberico.edu.pe\/wp-content\/uploads\/2025\/04\/farmacia-banner.png 600w\" sizes=\"(max-width: 212px) 100vw, 212px\" \/>\t\t\t\t\t\t\t\t\t\t\t\t\t\t\t<\/div>\n\t\t\t\t<\/div>\n\t\t\t\t<\/div>\n\t\t\t\t<\/div>\n\t\t\t\t\t<\/div>\n\t\t\t\t<\/div>\n\t\t\t\t<\/div>\n\t\t","protected":false},"excerpt":{"rendered":"<p>COMPETENCIAS ESPEC\u00cdFICAS\u00a0 Unidad de competencia N.\u00b01 Realizar actividades de promoci\u00f3n de la salud con enfoque intercultural, de acuerdo con la situaci\u00f3n local de salud, pol\u00edtica sectorial, nacional, regional y la normativa vigente. Unidad de competencia N.\u00ba 2 Realizar actividades de prevenci\u00f3n en salud individual y colectiva aplicando el enfoque intercultural, de acuerdo con gu\u00edas, procedimientos [&hellip;]<\/p>\n","protected":false},"author":2,"featured_media":0,"parent":0,"menu_order":0,"comment_status":"closed","ping_status":"closed","template":"","meta":{"footnotes":""},"class_list":["post-275","page","type-page","status-publish","hentry","post"],"_links":{"self":[{"href":"https:\/\/iesiberico.edu.pe\/index.php\/wp-json\/wp\/v2\/pages\/275","targetHints":{"allow":["GET"]}}],"collection":[{"href":"https:\/\/iesiberico.edu.pe\/index.php\/wp-json\/wp\/v2\/pages"}],"about":[{"href":"https:\/\/iesiberico.edu.pe\/index.php\/wp-json\/wp\/v2\/types\/page"}],"author":[{"embeddable":true,"href":"https:\/\/iesiberico.edu.pe\/index.php\/wp-json\/wp\/v2\/users\/2"}],"replies":[{"embeddable":true,"href":"https:\/\/iesiberico.edu.pe\/index.php\/wp-json\/wp\/v2\/comments?post=275"}],"version-history":[{"count":56,"href":"https:\/\/iesiberico.edu.pe\/index.php\/wp-json\/wp\/v2\/pages\/275\/revisions"}],"predecessor-version":[{"id":1182,"href":"https:\/\/iesiberico.edu.pe\/index.php\/wp-json\/wp\/v2\/pages\/275\/revisions\/1182"}],"wp:attachment":[{"href":"https:\/\/iesiberico.edu.pe\/index.php\/wp-json\/wp\/v2\/media?parent=275"}],"curies":[{"name":"wp","href":"https:\/\/api.w.org\/{rel}","templated":true}]}}